6*r + 132 = f. What is the remainder when 139 is divided by r?
9
Let s be 36/(-24)*(-34)/3. Let r(q) = q**2 - 18*q + 66. What is the remainder when r(s) is divided by 26?
23
Let b be 2/(-3) + 8/12. Suppose x + 3*c - 26 = -11, 2*x + c - 20 = b. Suppose -1 = 4*i - x, -2*i - 13 = -m. What is the remainder when 60 is divided by m?
9
Let d(q) = q + 4. Suppose -4*i + 1 + 17 = -2*o, 4*o = 4*i - 28. Let y = -57 + 70. Calculate the remainder when y is divided by d(i).
1
Let o = 17529 + -17429. What is the remainder when 5496 is divided by o?
96
Let q(b) = 10*b**2 - b - 25. Calculate the remainder when q(10) is divided by 23.
22
Let t = -47 - -59. Suppose -t*p - 60 = -22*p. Suppose -37 = -4*s - 1. What is the remainder when s is divided by p?
3
Let b = 7637 - 7531. Calculate the remainder when 2754 is divided by b.
104
Let n = 35 + -24. Suppose 7*o - 117 - 23 = 0. Calculate the remainder when 28 - o - (-48)/3 is divided by n.
2
Suppose -3*j + 9 = 0, -4*j = 6*i - i - 67. Calculate the remainder when ((-146)/(-4))/((-25)/(-50)) is divided by i.
7
Let j = -168 + 192. Suppose -387 = j*r - 3579. Calculate the remainder when r is divided by 45.
43
Let v(f) = -f**2 - 164*f - 1864. What is the remainder when v(-14) is divided by 207?
29
Suppose 0*y + 216 = -2*y. Calculate the remainder when 71 is divided by 27/y + 207/12.
3
Let b be ((-12)/20 - (-12)/(-5)) + 5. Let m be ((3542/35)/(-11))/(b/(-5)). Calculate the remainder when 35 is divided by -3 + -1 - m*(-2 - -1).
16
Suppose 18 = 3*m, 2*l - m + 302 - 3478 = 0. What is the remainder when l is divided by 12?
7
Let z = 140 - 158. Let u(i) = -i**2 - 19*i + 5. What is the remainder when 102 is divided by u(z)?
10
Suppose -f - 12 = -51. Let w = f + -47. Calculate the remainder when (212/(-6))/(1*w/12) is divided by 9.
8
Let t = -390 - -1036. Calculate the remainder when (-11)/(-33) + t/6 is divided by 19.
13
Let v(n) = 9*n**2 - 9*n + 22. Let u be v(5). Suppose -189 + u = r. What is the remainder when 648 is divided by r?
11
Suppose 3*x = 2*t + 6*x + 27, -8 = -2*t + 4*x. Let h(q) = 3*q**2 + 6*q + 33. What is the remainder when h(t) is divided by 22?
17
Let y(z) = z + 33. What is the remainder when y(20) is divided by 3*-2*13/((-286)/99)?
26
Suppose -2*x - 3*x = 4*g - 95, 5*x + 45 = 3*g. Suppose 7*j + 325 = g*j. Calculate the remainder when 45 is divided by j.
20
Let a be 0 - (-32 + -2 + 3). Suppose 0 = p - 4*i - 3, a = -3*p + i + 84. Calculate the remainder when (-52)/6*(13 + -7)/(-1) is divided by p.
14
Let j(g) = 2*g**3 - 4*g**2. Let p be j(2). Suppose 4*t - 5*t + 7 = p. Suppose t*m + 32 = 9*m. Calculate the remainder when m is divided by 11.
5
Let c(o) = -o**3 - 7*o**2 - o - 2. Let t be c(-9). Suppose 9*z - 56 = t. What is the remainder when z is divided by 6?
1
Suppose 5*y = 2*m - 13, 3*y + 13*m = 14*m - 8. What is the remainder when 171 is divided by -4 - (12 - -1)*y?
31
Suppose 88*a - 23920 = -6232. What is the remainder when a is divided by 23?
17
Let u be -2 + 1*(-4 - -349). Suppose 2*f + 458 = 4*w, 2*w + w = 2*f + u. Let y = -1130 + 1143. What is the remainder when w is divided by y?
11
Let u = 1 + 12. Suppose -u*b = -14*b + 200. Suppose 5*d - 5*w = b, 3*d - 2*w = 146 - 30. Calculate the remainder when d is divided by 10.
6
Suppose 0 = 4*s - 2*k - 52, -6*s + k = -7*s + 16. Let i be (14/42)/(1/207). Suppose 263 = 4*a - i. Calculate the remainder when a is divided by s.
13
Let g be (-3 + (-92)/8)*-2. Suppose g*v = 26*v + 45. Suppose -11*y = -v*y + 88. What is the remainder when 74 is divided by y?
8
Suppose 0 = x - 19 - 12. Suppose -z = -3*w + 78, -7*w - 105 = -11*w + z. Suppose -w*h + 5647 + 968 = 0. What is the remainder when h is divided by x?
28
Let v(n) = -n**3 - 29*n**2 - 110*n - 570. What is the remainder when v(-27) is divided by 34?
24
Calculate the remainder when -14 - (-11 - 7) - -118 is divided by 26.
18
Let b = 4640 - 4577. Let y(n) = 64*n**2 - 5*n + 5. Calculate the remainder when y(2) is divided by b.
62
Let t(r) be the first derivative of -r**2/2 - 9*r + 6. Let l be t(-5). What is the remainder when 3/(-1) + (88 - -2) + l is divided by 21?
20
Let v = -1 + 20. What is the remainder when (1*(-120)/16)/((-3)/14) is divided by v?
16
Suppose -3*m + 9*t + 25 = 10*t, 2*m + t - 19 = 0. What is the remainder when 4869 is divided by m?
3
Let u = -2714 + 2806. Calculate the remainder when 553 is divided by u.
1
Let m(z) = -8*z - 3. Let j be 0 + 0 + (3 - 0). Let w be m(j). What is the remainder when 28 is divided by 6/18*(-3 - w)?
4
Suppose -b - 3*b + o - 1 = 0, 3*b - 2*o + 7 = 0. Calculate the remainder when (-2 - -5)/(3/39) is divided by ((-44)/4 - b)/(-2).
3
Let k = 6769 - 6475. What is the remainder when k is divided by 16?
6
Let h(f) = -6*f + 3. Let k be h(0). Let a = -6 + 53. Suppose k*n = -2*m + 23, 4*m + 4*n = -n + a. Calculate the remainder when 25 is divided by m.
12
Let v = 11159 + -10194. What is the remainder when v is divided by 18?
11
Suppose 0 = 15*z - 2*z + 156. What is the remainder when (64/z + 0)*18/(-24) is divided by 1?
0
Let p(k) = -k**3 + 48*k**2 - 101*k + 420. Calculate the remainder when 2273 is divided by p(46).
5
Let x be (-344)/64 - (-6)/16. Let k be (-35)/14*6/x. What is the remainder when k + (-2)/(6/(-141)) is divided by 27?
23
Let f be (-10)/(-4) - 240/(-160). Suppose 0 = -3*g - 4*t + 260 - 26, 0 = -f*g - 2*t + 302. What is the remainder when g is divided by 42?
32
Suppose -4*o = -4*b - 16, 2*b = -4*o - b + 16. Suppose -5*p - o + 24 = 0. What is the remainder when 105 is divided by p*(-3)/6*-6?
9
Suppose 0 = -15*z + 1326 - 306. Suppose -3*v + z = -q, 39 = 2*v + q - 13. Let h = 13 + -4. What is the remainder when v is divided by h?
6
Let z be 6*52/12 + -1. Suppose -4*o = i + 26, 3*o + 5*i + z = -3. What is the remainder when 17 is divided by (-35)/(-14) - 45/o?
7
Let b(g) = 71*g + 41. Suppose i + t = -2*i + 12, 0 = -i - 2*t - 1. Let d be b(i). Suppose -12*q + d = -3*q. What is the remainder when 130 is divided by q?
42
Suppose 0 = 3*s + n - 1498 - 407, 2*s = -n + 1270. Let l = 637 - s. What is the remainder when 3 is divided by l?
1
Suppose 382*i - 362*i = 1840. Calculate the remainder when 4323 is divided by i.
91
Suppose -6*x - 356 - 1024 = 0. Let w = 5 - -3. Calculate the remainder when (-60)/160 - x/16 is divided by w.
6
Calculate the remainder when 1689 is divided by (-19 - -16)/((-1)/19) + -11.
33
Suppose a - 7 = 0, -644 - 849 = -l - a. Calculate the remainder when l is divided by 125.
111
Suppose -l + 37 + 17 = 4*u, -4*l + 48 = 4*u. Calculate the remainder when 1830 is divided by u.
10
Let t(m) = -m**3 - 17*m**2 + 20*m + 42. Let n be t(-18). Suppose -n*z = 3*z + 396. Let w = z - -79. Calculate the remainder when 103 is divided by w.
33
Suppose -6*m - 1232 = 5*m. What is the remainder when -80*(m/35)/8 is divided by 14?
4
What is the remainder when 1263 is divided by ((-36)/(-15))/(9*(-19)/(-4275))?
3
Calculate the remainder when 1750/45 + 16/144 - 1 is divided by 16.
6
Suppose -5*y - 8*c = -9*c - 3546, 2169 = 3*y + 4*c. What is the remainder when 2138 is divided by y?
5
Suppose 5*i = -4*r - 15, 2*i = -0*i + 5*r + 27. Let n be (1/i - 3)*(-15)/(-6). Calculate the remainder when 2/((40/(-324))/n) is divided by 42.
39
Calculate the remainder when 285 - 1 - (-4 - -5) is divided by (26 - (0 + 2)) + (-3)/(15/(-10)).
23
Suppose 20*t - 53 = 19*t. Suppose 5*l - 60 = -5*f, -4*l + 36 = -l + 4*f. Suppose -l = -2*k + 26. Calculate the remainder when t is divided by k.
15
Let s = -182 - -185. Suppose -3*n - 3*j + 51 = -6*j, 0 = -n + s*j + 9. What is the remainder when n is divided by 17?
4
Let i = 636 - 536. Let x(k) = 108*k - 17. What is the remainder when x(2) is divided by i?
99
Suppose -4*t + 4 = 0, 5*u - t = -3*t + 1512. What is the remainder when 1454 is divided by u?
246
What is the remainder when (-18)/(-360) + 22238/40 is divided by 9?
7
Suppose -791*t - 25 = -796*t. Suppose -t*c = -9*c + 20. What is the remainder when 123 is divided by c?
3
Suppose 0 = -5*u + 5, -p + 60 = u - 4*u. Let q = 182 + -148. Calculate the remainder when p is divided by q.
29
Suppose 13*c - 4*u - 996 = 8*c, u - 584 = -3*c. Suppose 2*o + 4*q = 113 + 7, 4*o = 3*q + c. What is the remainder when o is divided by 21?
10
Let a be 81 + 4*(-25)/(-20). Suppose 20 = -11*h + a. What is the remainder when